{"id":2542,"date":"2022-03-17T22:40:11","date_gmt":"2022-03-17T22:40:11","guid":{"rendered":"http:\/\/cultures.hautsbassins.bf\/?page_id=2542"},"modified":"2023-02-16T13:11:41","modified_gmt":"2023-02-16T13:11:41","slug":"institutions-culturelles","status":"publish","type":"page","link":"https:\/\/cultures.hautsbassins.bf\/index.php\/institutions-culturelles\/","title":{"rendered":"Institutions Culturelles"},"content":{"rendered":"\n<p><mark style=\"background-color:rgba(0, 0, 0, 0)\" class=\"has-inline-color has-pale-cyan-blue-color\">Les institutions culturelles sont des structures des administrations publiques et priv\u00e9es implant\u00e9es dans la r\u00e9gion des Hauts-Bassins avec pour vocation d&#8217;accompagner le secteur culturel dans son d\u00e9veloppement.<\/mark><\/p>\n\n\n\n<div class=\"is-layout-flex wp-container-5 wp-block-columns\">\n<div class=\"is-layout-flow wp-block-column\"><\/div>\n\n\n\n<div class=\"is-layout-flow wp-block-column\"><\/div>\n\n\n\n<div class=\"is-layout-flow wp-block-column\"><\/div>\n\n\n\n<div class=\"is-layout-flow wp-block-column\"><\/div>\n<\/div>\n\n\n\n<div class=\"is-layout-flex wp-container-9 wp-block-columns alignwide\">\n<div class=\"is-layout-flow wp-elements-9cddca68f45d711e9139ff918937e6c9 wp-block-column has-text-color has-background has-link-color\" style=\"color:#000000;background-color:#ffe97d;padding-top:2em;padding-right:2em;padding-bottom:2em;padding-left:2em\">\n<figure class=\"wp-block-image size-large\"><img decoding=\"async\" loading=\"lazy\" width=\"1024\" height=\"386\" src=\"http:\/\/cultures.hautsbassins.bf\/wp-content\/uploads\/2022\/03\/MCB-1024x386.png\" alt=\"\" class=\"wp-image-2850\" srcset=\"https:\/\/cultures.hautsbassins.bf\/wp-content\/uploads\/2022\/03\/MCB-1024x386.png 1024w, https:\/\/cultures.hautsbassins.bf\/wp-content\/uploads\/2022\/03\/MCB-300x113.png 300w, https:\/\/cultures.hautsbassins.bf\/wp-content\/uploads\/2022\/03\/MCB-768x290.png 768w, https:\/\/cultures.hautsbassins.bf\/wp-content\/uploads\/2022\/03\/MCB.png 1397w\" sizes=\"(max-width: 1024px) 100vw, 1024px\" \/><figcaption class=\"wp-element-caption\"><strong><a href=\"http:\/\/cultures.hautsbassins.bf\/index.php\/2023\/02\/03\/maison-de-la-culture-monseigneur-anselme-titianma-sanon\/\" data-type=\"URL\" data-id=\"http:\/\/cultures.hautsbassins.bf\/index.php\/2023\/02\/03\/maison-de-la-culture-monseigneur-anselme-titianma-sanon\/\">Maison de la Culture Monseigneur Anselme Titianma SANON de Bobo-Dioulasso<\/a><\/strong><\/figcaption><\/figure>\n\n\n\n<p><\/p>\n<\/div>\n\n\n\n<div class=\"is-layout-flow wp-elements-89714249e31d331a438b26bb8f026a6e wp-block-column has-text-color has-background has-link-color\" style=\"color:#000000;background-color:#d1d1e1;padding-top:2em;padding-right:2em;padding-bottom:2em;padding-left:2em\">\n<figure class=\"wp-block-image size-full\"><img decoding=\"async\" loading=\"lazy\" width=\"300\" height=\"200\" src=\"http:\/\/cultures.hautsbassins.bf\/wp-content\/uploads\/2022\/03\/ceravAfrique.png\" alt=\"\" class=\"wp-image-2631\" srcset=\"https:\/\/cultures.hautsbassins.bf\/wp-content\/uploads\/2022\/03\/ceravAfrique.png 300w, https:\/\/cultures.hautsbassins.bf\/wp-content\/uploads\/2022\/03\/ceravAfrique-112x75.png 112w\" sizes=\"(max-width: 300px) 100vw, 300px\" \/><figcaption class=\"wp-element-caption\"><a href=\"http:\/\/cultures.hautsbassins.bf\/index.php\/2023\/02\/03\/le-centre-regional-pour-les-arts-vivants-en-afrique-cerav-afrique\/\" data-type=\"URL\" data-id=\"http:\/\/cultures.hautsbassins.bf\/index.php\/2023\/02\/03\/le-centre-regional-pour-les-arts-vivants-en-afrique-cerav-afrique\/\">CERAV\/AFRIQUE<\/a><\/figcaption><\/figure>\n<\/div>\n\n\n\n<div class=\"is-layout-flow wp-elements-e48804b3129a2269d26c3d4141d2d59f wp-block-column has-text-color has-background has-link-color\" style=\"color:#000000;background-color:#c0ebf1;padding-top:2em;padding-right:2em;padding-bottom:2em;padding-left:2em\">\n<figure class=\"wp-block-image size-large is-resized\"><img decoding=\"async\" loading=\"lazy\" src=\"http:\/\/cultures.hautsbassins.bf\/wp-content\/uploads\/2022\/07\/BBDA-1-1024x726.png\" alt=\"\" class=\"wp-image-3319\" width=\"226\" height=\"160\" srcset=\"https:\/\/cultures.hautsbassins.bf\/wp-content\/uploads\/2022\/07\/BBDA-1-1024x726.png 1024w, https:\/\/cultures.hautsbassins.bf\/wp-content\/uploads\/2022\/07\/BBDA-1-300x213.png 300w, https:\/\/cultures.hautsbassins.bf\/wp-content\/uploads\/2022\/07\/BBDA-1-768x545.png 768w, https:\/\/cultures.hautsbassins.bf\/wp-content\/uploads\/2022\/07\/BBDA-1.png 1063w\" sizes=\"(max-width: 226px) 100vw, 226px\" \/><figcaption class=\"wp-element-caption\"><a href=\"http:\/\/cultures.hautsbassins.bf\/index.php\/2023\/02\/03\/le-bureau-burkinabe-du-droit-dauteur-bbda\/\">Bureau Burkinab\u00e8 du Droit d&#8217;Auteur<\/a><\/figcaption><\/figure>\n<\/div>\n<\/div>\n\n\n\n<div class=\"is-layout-flex wp-container-13 wp-block-columns alignwide\">\n<div class=\"is-layout-flow wp-elements-672932edd6941e533a0ab7a54b6b0fae wp-block-column has-text-color has-background has-link-color\" style=\"color:#000000;background-color:#ffe97d;padding-top:2em;padding-right:2em;padding-bottom:2em;padding-left:2em\">\n<figure class=\"wp-block-image size-full\"><img decoding=\"async\" loading=\"lazy\" width=\"445\" height=\"440\" src=\"http:\/\/cultures.hautsbassins.bf\/wp-content\/uploads\/2022\/07\/ONTB.png\" alt=\"\" class=\"wp-image-3323\" srcset=\"https:\/\/cultures.hautsbassins.bf\/wp-content\/uploads\/2022\/07\/ONTB.png 445w, https:\/\/cultures.hautsbassins.bf\/wp-content\/uploads\/2022\/07\/ONTB-300x297.png 300w, https:\/\/cultures.hautsbassins.bf\/wp-content\/uploads\/2022\/07\/ONTB-122x122.png 122w\" sizes=\"(max-width: 445px) 100vw, 445px\" \/><figcaption class=\"wp-element-caption\"><a href=\"http:\/\/cultures.hautsbassins.bf\/index.php\/2023\/02\/03\/direction-regionale-de-louest-de-loffice-national-du-tourisme-dro-ontb\/\" data-type=\"URL\" data-id=\"http:\/\/cultures.hautsbassins.bf\/index.php\/2023\/02\/03\/direction-regionale-de-louest-de-loffice-national-du-tourisme-dro-ontb\/\">Direction de l&#8217;Ouest de L&#8217;Office National du Tourisme Burkinab\u00e8<\/a><\/figcaption><\/figure>\n<\/div>\n\n\n\n<div class=\"is-layout-flow wp-elements-7ab5c8eac5229d79e533d099da415eff wp-block-column has-text-color has-background has-link-color\" style=\"color:#000000;background-color:#d1d1e1;padding-top:2em;padding-right:2em;padding-bottom:2em;padding-left:2em\">\n<figure class=\"wp-block-image size-full is-resized\"><img decoding=\"async\" loading=\"lazy\" src=\"http:\/\/cultures.hautsbassins.bf\/wp-content\/uploads\/2022\/03\/armoiries-new-2.jpg\" alt=\"\" class=\"wp-image-2678\" width=\"201\" height=\"255\"\/><figcaption class=\"wp-element-caption\"><a href=\"http:\/\/cultures.hautsbassins.bf\/index.php\/2023\/02\/15\/la-direction-regionale-de-la-culture-des-arts-et-du-tourisme-des-hauts-bassins-drcat-hb\/\" data-type=\"URL\" data-id=\"http:\/\/cultures.hautsbassins.bf\/index.php\/2023\/02\/15\/la-direction-regionale-de-la-culture-des-arts-et-du-tourisme-des-hauts-bassins-drcat-hb\/\">Direction R\u00e9gionale de la Culture, des Arts et du Tourisme<\/a><\/figcaption><\/figure>\n<\/div>\n\n\n\n<div class=\"is-layout-flow wp-elements-3a296498e82d45d68daa9b15749705de wp-block-column has-text-color has-background has-link-color\" style=\"color:#000000;background-color:#c0ebf1;padding-top:2em;padding-right:2em;padding-bottom:2em;padding-left:2em\">\n<figure class=\"wp-block-image size-full\"><img decoding=\"async\" loading=\"lazy\" width=\"300\" height=\"200\" src=\"http:\/\/cultures.hautsbassins.bf\/wp-content\/uploads\/2022\/03\/snc-new.jpg\" alt=\"\" class=\"wp-image-2643\" srcset=\"https:\/\/cultures.hautsbassins.bf\/wp-content\/uploads\/2022\/03\/snc-new.jpg 300w, https:\/\/cultures.hautsbassins.bf\/wp-content\/uploads\/2022\/03\/snc-new-112x75.jpg 112w\" sizes=\"(max-width: 300px) 100vw, 300px\" \/><figcaption class=\"wp-element-caption\"><a href=\"http:\/\/cultures.hautsbassins.bf\/index.php\/2023\/02\/15\/direction-generale-de-la-semaine-nationale-de-la-culture-snc\/\" data-type=\"URL\" data-id=\"http:\/\/cultures.hautsbassins.bf\/index.php\/2023\/02\/15\/direction-generale-de-la-semaine-nationale-de-la-culture-snc\/\">Secr\u00e9tariat technique  Semaine Nationale de la Culture<\/a><\/figcaption><\/figure>\n<\/div>\n<\/div>\n\n\n\n<div class=\"is-layout-flex wp-container-17 wp-block-columns alignwide\">\n<div class=\"is-layout-flow wp-elements-f3c68cc310caaddda59790c0bc3a93ab wp-block-column has-text-color has-background has-link-color\" style=\"color:#000000;background-color:#ffe97d;padding-top:2em;padding-right:2em;padding-bottom:2em;padding-left:2em\">\n<figure class=\"wp-block-image size-full\"><img decoding=\"async\" loading=\"lazy\" width=\"546\" height=\"549\" src=\"http:\/\/cultures.hautsbassins.bf\/wp-content\/uploads\/2022\/07\/Musee-comm-2.png\" alt=\"\" class=\"wp-image-3343\" srcset=\"https:\/\/cultures.hautsbassins.bf\/wp-content\/uploads\/2022\/07\/Musee-comm-2.png 546w, https:\/\/cultures.hautsbassins.bf\/wp-content\/uploads\/2022\/07\/Musee-comm-2-298x300.png 298w, https:\/\/cultures.hautsbassins.bf\/wp-content\/uploads\/2022\/07\/Musee-comm-2-150x150.png 150w, https:\/\/cultures.hautsbassins.bf\/wp-content\/uploads\/2022\/07\/Musee-comm-2-122x122.png 122w\" sizes=\"(max-width: 546px) 100vw, 546px\" \/><figcaption class=\"wp-element-caption\"><a href=\"http:\/\/cultures.hautsbassins.bf\/index.php\/2023\/02\/15\/musee-communal-sogossira-sanon\/\" data-type=\"URL\" data-id=\"http:\/\/cultures.hautsbassins.bf\/index.php\/2023\/02\/15\/musee-communal-sogossira-sanon\/\">Mus\u00e9e communal de Bobo-Dioulasso<\/a><\/figcaption><\/figure>\n<\/div>\n\n\n\n<div class=\"is-layout-flow wp-elements-1911dcb2020ff9cfb53698b561570e6c wp-block-column has-text-color has-background has-link-color\" style=\"color:#000000;background-color:#d1d1e1;padding-top:2em;padding-right:2em;padding-bottom:2em;padding-left:2em\">\n<figure class=\"wp-block-image size-large\"><img decoding=\"async\" loading=\"lazy\" width=\"1024\" height=\"683\" src=\"http:\/\/cultures.hautsbassins.bf\/wp-content\/uploads\/2023\/02\/FB_IMG_1648839448894_crop_98-1024x683.jpg\" alt=\"\" class=\"wp-image-4575\" srcset=\"https:\/\/cultures.hautsbassins.bf\/wp-content\/uploads\/2023\/02\/FB_IMG_1648839448894_crop_98-1024x683.jpg 1024w, https:\/\/cultures.hautsbassins.bf\/wp-content\/uploads\/2023\/02\/FB_IMG_1648839448894_crop_98-300x200.jpg 300w, https:\/\/cultures.hautsbassins.bf\/wp-content\/uploads\/2023\/02\/FB_IMG_1648839448894_crop_98-768x512.jpg 768w, https:\/\/cultures.hautsbassins.bf\/wp-content\/uploads\/2023\/02\/FB_IMG_1648839448894_crop_98-650x434.jpg 650w, https:\/\/cultures.hautsbassins.bf\/wp-content\/uploads\/2023\/02\/FB_IMG_1648839448894_crop_98-730x487.jpg 730w, https:\/\/cultures.hautsbassins.bf\/wp-content\/uploads\/2023\/02\/FB_IMG_1648839448894_crop_98-112x75.jpg 112w, https:\/\/cultures.hautsbassins.bf\/wp-content\/uploads\/2023\/02\/FB_IMG_1648839448894_crop_98-425x283.jpg 425w, https:\/\/cultures.hautsbassins.bf\/wp-content\/uploads\/2023\/02\/FB_IMG_1648839448894_crop_98-430x287.jpg 430w, https:\/\/cultures.hautsbassins.bf\/wp-content\/uploads\/2023\/02\/FB_IMG_1648839448894_crop_98.jpg 1080w\" sizes=\"(max-width: 1024px) 100vw, 1024px\" \/><figcaption class=\"wp-element-caption\"><a href=\"http:\/\/cultures.hautsbassins.bf\/index.php\/2023\/02\/15\/lantenne-regionale-du-fonds-de-developpement-culturel-et-touristique\/\" data-type=\"URL\" data-id=\"http:\/\/cultures.hautsbassins.bf\/index.php\/2023\/02\/15\/lantenne-regionale-du-fonds-de-developpement-culturel-et-touristique\/\">Antenne r\u00e9gional<\/a><\/figcaption><\/figure>\n<\/div>\n\n\n\n<div class=\"is-layout-flow wp-elements-f0100017e01687415d36d964f1daa31e wp-block-column has-text-color has-background has-link-color\" style=\"color:#000000;background-color:#c0ebf1;padding-top:2em;padding-right:2em;padding-bottom:2em;padding-left:2em\">\n<figure class=\"wp-block-image size-full\"><img decoding=\"async\" loading=\"lazy\" width=\"945\" height=\"544\" src=\"http:\/\/cultures.hautsbassins.bf\/wp-content\/uploads\/2023\/02\/LOGO-IF-BOBO_Bleu-CMJN-2019.jpg\" alt=\"\" class=\"wp-image-4589\" srcset=\"https:\/\/cultures.hautsbassins.bf\/wp-content\/uploads\/2023\/02\/LOGO-IF-BOBO_Bleu-CMJN-2019.jpg 945w, https:\/\/cultures.hautsbassins.bf\/wp-content\/uploads\/2023\/02\/LOGO-IF-BOBO_Bleu-CMJN-2019-300x173.jpg 300w, https:\/\/cultures.hautsbassins.bf\/wp-content\/uploads\/2023\/02\/LOGO-IF-BOBO_Bleu-CMJN-2019-768x442.jpg 768w\" sizes=\"(max-width: 945px) 100vw, 945px\" \/><figcaption class=\"wp-element-caption\"><a href=\"http:\/\/cultures.hautsbassins.bf\/index.php\/institut-francais-de-bobo-dioulasso\/\" data-type=\"URL\" data-id=\"http:\/\/cultures.hautsbassins.bf\/index.php\/institut-francais-de-bobo-dioulasso\/\">Institut Fran\u00e7ais\/Bobo-Dioulasso<\/a><\/figcaption><\/figure>\n<\/div>\n<\/div>\n","protected":false},"excerpt":{"rendered":"<p class=\"text-justify mb-2\" >Les institutions culturelles sont des structures des administrations publiques et priv\u00e9es implant\u00e9es dans la r\u00e9gion des Hauts-Bassins avec pour vocation d&#8217;accompagner le secteur culturel dans son d\u00e9veloppement.<\/p>\n","protected":false},"author":1,"featured_media":0,"parent":0,"menu_order":0,"comment_status":"closed","ping_status":"closed","template":"","meta":[],"_links":{"self":[{"href":"https:\/\/cultures.hautsbassins.bf\/index.php\/wp-json\/wp\/v2\/pages\/2542"}],"collection":[{"href":"https:\/\/cultures.hautsbassins.bf\/index.php\/wp-json\/wp\/v2\/pages"}],"about":[{"href":"https:\/\/cultures.hautsbassins.bf\/index.php\/wp-json\/wp\/v2\/types\/page"}],"author":[{"embeddable":true,"href":"https:\/\/cultures.hautsbassins.bf\/index.php\/wp-json\/wp\/v2\/users\/1"}],"replies":[{"embeddable":true,"href":"https:\/\/cultures.hautsbassins.bf\/index.php\/wp-json\/wp\/v2\/comments?post=2542"}],"version-history":[{"count":56,"href":"https:\/\/cultures.hautsbassins.bf\/index.php\/wp-json\/wp\/v2\/pages\/2542\/revisions"}],"predecessor-version":[{"id":4632,"href":"https:\/\/cultures.hautsbassins.bf\/index.php\/wp-json\/wp\/v2\/pages\/2542\/revisions\/4632"}],"wp:attachment":[{"href":"https:\/\/cultures.hautsbassins.bf\/index.php\/wp-json\/wp\/v2\/media?parent=2542"}],"curies":[{"name":"wp","href":"https:\/\/api.w.org\/{rel}","templated":true}]}}