{"id":2621,"date":"2022-03-21T12:28:19","date_gmt":"2022-03-21T12:28:19","guid":{"rendered":"http:\/\/cultures.hautsbassins.bf\/?page_id=2621"},"modified":"2022-07-16T10:22:48","modified_gmt":"2022-07-16T10:22:48","slug":"bamba-moise-francois","status":"publish","type":"page","link":"https:\/\/cultures.hautsbassins.bf\/index.php\/bamba-moise-francois\/","title":{"rendered":"Bamba Mo\u00efse Fran\u00e7ois"},"content":{"rendered":"\n<p>Artiste conteur<\/p>\n\n\n\n<div class=\"wp-block-media-text alignwide is-stacked-on-mobile\"><figure class=\"wp-block-media-text__media\"><img decoding=\"async\" loading=\"lazy\" width=\"765\" height=\"509\" src=\"http:\/\/cultures.hautsbassins.bf\/wp-content\/uploads\/2022\/07\/Bamba.png\" alt=\"\" class=\"wp-image-3578 size-full\" srcset=\"https:\/\/cultures.hautsbassins.bf\/wp-content\/uploads\/2022\/07\/Bamba.png 765w, https:\/\/cultures.hautsbassins.bf\/wp-content\/uploads\/2022\/07\/Bamba-300x200.png 300w, https:\/\/cultures.hautsbassins.bf\/wp-content\/uploads\/2022\/07\/Bamba-730x487.png 730w, https:\/\/cultures.hautsbassins.bf\/wp-content\/uploads\/2022\/07\/Bamba-112x75.png 112w, https:\/\/cultures.hautsbassins.bf\/wp-content\/uploads\/2022\/07\/Bamba-425x283.png 425w, https:\/\/cultures.hautsbassins.bf\/wp-content\/uploads\/2022\/07\/Bamba-430x287.png 430w\" sizes=\"(max-width: 765px) 100vw, 765px\" \/><\/figure><div class=\"wp-block-media-text__content\">\n<p class=\"has-medium-font-size\">Fran\u00e7ois Mo\u00efse Bamba\u00a0est un conteur professionnel du Burkina Faso. Issu de la caste des forgerons, les ma\u00eetres du feu et du fer, il fut initi\u00e9 \u00e0 l\u2019art du conte par son p\u00e8re. Par la suite, il suit diverses formations avec Hassane KOUYATE, Habib BEMBELE, Jihad DARWICHE et Fran\u00e7oise DIEP. Aujourd\u2019hui,\u00a0Fran\u00e7ois Mo\u00efse Bamba, dit\u00a0<strong>le Forgeron conteur<\/strong>, est le directeur de la maison de la parole de Bobo-Dioulasso &#8211; qui organise le festival Yeleen &#8211; et le coordinateur du r\u00e9seau de conteurs d\u2019Afrique de l\u2019Ouest &#8220;Afrifogo&#8221;.<\/p>\n<\/div><\/div>\n\n\n\n<p>Reconnu dans le milieu du conte et plus g\u00e9n\u00e9ralement dans celui du spectacle vivant, il r\u00e9side au Burkina Faso et voyage r\u00e9guli\u00e8rement \u00e0 l\u2019international et notamment en France. Ateliers, contes traditionnels, r\u00e9cits contemporains inspir\u00e9s de sa propre exp\u00e9rience, collectages, cr\u00e9ations, constituent le large \u00e9ventail de ses propositions artistiques. Son travail met en lumi\u00e8re la richesse du patrimoine oral burkinab\u00e8 et questionne les soci\u00e9t\u00e9s contemporaines et leurs probl\u00e9matiques.<\/p>\n\n\n\n<p><em>Source: <a href=\"http:\/\/www.paroles-conteurs.org\/\">http:\/\/www.paroles-conteurs.org\/<\/a><\/em><\/p>\n","protected":false},"excerpt":{"rendered":"<p class=\"text-justify mb-2\" >Artiste conteur Fran\u00e7ois Mo\u00efse Bamba\u00a0est un conteur professionnel du Burkina Faso. Issu de la caste des forgerons, les ma\u00eetres du feu et du fer, il fut initi\u00e9 \u00e0 l\u2019art du conte par son p\u00e8re. Par la suite, il suit diverses formations avec Hassane KOUYATE, Habib [&hellip;]<\/p>\n","protected":false},"author":6,"featured_media":2626,"parent":0,"menu_order":0,"comment_status":"closed","ping_status":"closed","template":"","meta":[],"_links":{"self":[{"href":"https:\/\/cultures.hautsbassins.bf\/index.php\/wp-json\/wp\/v2\/pages\/2621"}],"collection":[{"href":"https:\/\/cultures.hautsbassins.bf\/index.php\/wp-json\/wp\/v2\/pages"}],"about":[{"href":"https:\/\/cultures.hautsbassins.bf\/index.php\/wp-json\/wp\/v2\/types\/page"}],"author":[{"embeddable":true,"href":"https:\/\/cultures.hautsbassins.bf\/index.php\/wp-json\/wp\/v2\/users\/6"}],"replies":[{"embeddable":true,"href":"https:\/\/cultures.hautsbassins.bf\/index.php\/wp-json\/wp\/v2\/comments?post=2621"}],"version-history":[{"count":3,"href":"https:\/\/cultures.hautsbassins.bf\/index.php\/wp-json\/wp\/v2\/pages\/2621\/revisions"}],"predecessor-version":[{"id":3579,"href":"https:\/\/cultures.hautsbassins.bf\/index.php\/wp-json\/wp\/v2\/pages\/2621\/revisions\/3579"}],"wp:featuredmedia":[{"embeddable":true,"href":"https:\/\/cultures.hautsbassins.bf\/index.php\/wp-json\/wp\/v2\/media\/2626"}],"wp:attachment":[{"href":"https:\/\/cultures.hautsbassins.bf\/index.php\/wp-json\/wp\/v2\/media?parent=2621"}],"curies":[{"name":"wp","href":"https:\/\/api.w.org\/{rel}","templated":true}]}}