{"id":2697,"date":"2022-03-21T23:23:14","date_gmt":"2022-03-21T23:23:14","guid":{"rendered":"http:\/\/cultures.hautsbassins.bf\/?page_id=2697"},"modified":"2023-08-09T21:34:08","modified_gmt":"2023-08-09T21:34:08","slug":"route-du-tissu","status":"publish","type":"page","link":"https:\/\/cultures.hautsbassins.bf\/index.php\/route-du-tissu\/","title":{"rendered":"Route des tissus"},"content":{"rendered":"\n<p><strong>La route des tissus<\/strong> (tissage, teinture, boutiques de produits textiles,)\u00a0: nous avons identifi\u00e9 les localit\u00e9s suivantes o\u00f9 les m\u00e9tiers du tissage et de teinture occupent beaucoup d\u2019artisans\u00a0: Hound\u00e9, Dohoun, Wakuy, B\u00e9r\u00e9ba, Sara, B\u00e9kuy, Walyi, Kot\u00e9dougou,\u00a0 Bobo-Dioulasso, Orodara, Kangala, \u2026<\/p>\n\n\n\n<figure class=\"wp-block-image size-large\"><a href=\"https:\/\/umap.openstreetmap.fr\/fr\/map\/tissu_902686#9\/11.3521\/-4.3945 \"><img decoding=\"async\" loading=\"lazy\" width=\"1024\" height=\"724\" src=\"https:\/\/cultures.hautsbassins.bf\/wp-content\/uploads\/2023\/08\/ROUTE-DU-Tissu-MURALE-VF-19062023.pdf-1024x724.jpg\" alt=\"\" class=\"wp-image-5096\" srcset=\"https:\/\/cultures.hautsbassins.bf\/wp-content\/uploads\/2023\/08\/ROUTE-DU-Tissu-MURALE-VF-19062023.pdf-1024x724.jpg 1024w, https:\/\/cultures.hautsbassins.bf\/wp-content\/uploads\/2023\/08\/ROUTE-DU-Tissu-MURALE-VF-19062023.pdf-300x212.jpg 300w, https:\/\/cultures.hautsbassins.bf\/wp-content\/uploads\/2023\/08\/ROUTE-DU-Tissu-MURALE-VF-19062023.pdf-768x543.jpg 768w, https:\/\/cultures.hautsbassins.bf\/wp-content\/uploads\/2023\/08\/ROUTE-DU-Tissu-MURALE-VF-19062023.pdf-1536x1087.jpg 1536w, https:\/\/cultures.hautsbassins.bf\/wp-content\/uploads\/2023\/08\/ROUTE-DU-Tissu-MURALE-VF-19062023.pdf-2048x1449.jpg 2048w\" sizes=\"(max-width: 1024px) 100vw, 1024px\" \/><\/a><figcaption class=\"wp-element-caption\">ROUTE DU TISSU<\/figcaption><\/figure>\n\n\n\n<p><\/p>\n","protected":false},"excerpt":{"rendered":"<p class=\"text-justify mb-2\" >La route des tissus (tissage, teinture, boutiques de produits textiles,)\u00a0: nous avons identifi\u00e9 les localit\u00e9s suivantes o\u00f9 les m\u00e9tiers du tissage et de teinture occupent beaucoup d\u2019artisans\u00a0: Hound\u00e9, Dohoun, Wakuy, B\u00e9r\u00e9ba, Sara, B\u00e9kuy, Walyi, Kot\u00e9dougou,\u00a0 Bobo-Dioulasso, Orodara, Kangala, \u2026<\/p>\n","protected":false},"author":1,"featured_media":0,"parent":0,"menu_order":0,"comment_status":"closed","ping_status":"closed","template":"","meta":[],"_links":{"self":[{"href":"https:\/\/cultures.hautsbassins.bf\/index.php\/wp-json\/wp\/v2\/pages\/2697"}],"collection":[{"href":"https:\/\/cultures.hautsbassins.bf\/index.php\/wp-json\/wp\/v2\/pages"}],"about":[{"href":"https:\/\/cultures.hautsbassins.bf\/index.php\/wp-json\/wp\/v2\/types\/page"}],"author":[{"embeddable":true,"href":"https:\/\/cultures.hautsbassins.bf\/index.php\/wp-json\/wp\/v2\/users\/1"}],"replies":[{"embeddable":true,"href":"https:\/\/cultures.hautsbassins.bf\/index.php\/wp-json\/wp\/v2\/comments?post=2697"}],"version-history":[{"count":7,"href":"https:\/\/cultures.hautsbassins.bf\/index.php\/wp-json\/wp\/v2\/pages\/2697\/revisions"}],"predecessor-version":[{"id":5097,"href":"https:\/\/cultures.hautsbassins.bf\/index.php\/wp-json\/wp\/v2\/pages\/2697\/revisions\/5097"}],"wp:attachment":[{"href":"https:\/\/cultures.hautsbassins.bf\/index.php\/wp-json\/wp\/v2\/media?parent=2697"}],"curies":[{"name":"wp","href":"https:\/\/api.w.org\/{rel}","templated":true}]}}