{"id":2754,"date":"2022-03-22T11:13:01","date_gmt":"2022-03-22T11:13:01","guid":{"rendered":"http:\/\/cultures.hautsbassins.bf\/?page_id=2754"},"modified":"2023-08-09T21:37:27","modified_gmt":"2023-08-09T21:37:27","slug":"route-du-balafon","status":"publish","type":"page","link":"https:\/\/cultures.hautsbassins.bf\/index.php\/route-du-balafon\/","title":{"rendered":"Route du balafon"},"content":{"rendered":"\n<p><strong>La route du balafon\u00a0<\/strong>: nous avons identifi\u00e9\u00a0 des localit\u00e9s comme : Banci\u00e9, Hound\u00e9, Dohoun, Wakuy, B\u00e9r\u00e9ba, Sara, B\u00e9kuy, Walyi, Bobo-Dioulasso, Karangasso-Sambla, Kourinion, Toussianbandougou, Orodara, Lidara, Kangala\u2026<\/p>\n\n\n\n<figure class=\"wp-block-image size-large\"><a href=\"http:\/\/umap.openstreetmap.fr\/fr\/map\/haut-bassin-route-du-balafon_906480#9\/11.2660\/-3.7793\"><img decoding=\"async\" loading=\"lazy\" width=\"1024\" height=\"724\" src=\"https:\/\/cultures.hautsbassins.bf\/wp-content\/uploads\/2023\/08\/ROUTE-DU-BALAFON-MURALE-VF-19062023-1024x724.jpg\" alt=\"\" class=\"wp-image-5098\" srcset=\"https:\/\/cultures.hautsbassins.bf\/wp-content\/uploads\/2023\/08\/ROUTE-DU-BALAFON-MURALE-VF-19062023-1024x724.jpg 1024w, https:\/\/cultures.hautsbassins.bf\/wp-content\/uploads\/2023\/08\/ROUTE-DU-BALAFON-MURALE-VF-19062023-300x212.jpg 300w, https:\/\/cultures.hautsbassins.bf\/wp-content\/uploads\/2023\/08\/ROUTE-DU-BALAFON-MURALE-VF-19062023-768x543.jpg 768w, https:\/\/cultures.hautsbassins.bf\/wp-content\/uploads\/2023\/08\/ROUTE-DU-BALAFON-MURALE-VF-19062023-1536x1087.jpg 1536w, https:\/\/cultures.hautsbassins.bf\/wp-content\/uploads\/2023\/08\/ROUTE-DU-BALAFON-MURALE-VF-19062023-2048x1449.jpg 2048w\" sizes=\"(max-width: 1024px) 100vw, 1024px\" \/><\/a><figcaption class=\"wp-element-caption\"><strong>ROUTE DU BALAFON<\/strong><\/figcaption><\/figure>\n","protected":false},"excerpt":{"rendered":"<p class=\"text-justify mb-2\" >La route du balafon\u00a0: nous avons identifi\u00e9\u00a0 des localit\u00e9s comme : Banci\u00e9, Hound\u00e9, Dohoun, Wakuy, B\u00e9r\u00e9ba, Sara, B\u00e9kuy, Walyi, Bobo-Dioulasso, Karangasso-Sambla, Kourinion, Toussianbandougou, Orodara, Lidara, Kangala\u2026<\/p>\n","protected":false},"author":1,"featured_media":0,"parent":0,"menu_order":0,"comment_status":"closed","ping_status":"closed","template":"","meta":[],"_links":{"self":[{"href":"https:\/\/cultures.hautsbassins.bf\/index.php\/wp-json\/wp\/v2\/pages\/2754"}],"collection":[{"href":"https:\/\/cultures.hautsbassins.bf\/index.php\/wp-json\/wp\/v2\/pages"}],"about":[{"href":"https:\/\/cultures.hautsbassins.bf\/index.php\/wp-json\/wp\/v2\/types\/page"}],"author":[{"embeddable":true,"href":"https:\/\/cultures.hautsbassins.bf\/index.php\/wp-json\/wp\/v2\/users\/1"}],"replies":[{"embeddable":true,"href":"https:\/\/cultures.hautsbassins.bf\/index.php\/wp-json\/wp\/v2\/comments?post=2754"}],"version-history":[{"count":3,"href":"https:\/\/cultures.hautsbassins.bf\/index.php\/wp-json\/wp\/v2\/pages\/2754\/revisions"}],"predecessor-version":[{"id":5100,"href":"https:\/\/cultures.hautsbassins.bf\/index.php\/wp-json\/wp\/v2\/pages\/2754\/revisions\/5100"}],"wp:attachment":[{"href":"https:\/\/cultures.hautsbassins.bf\/index.php\/wp-json\/wp\/v2\/media?parent=2754"}],"curies":[{"name":"wp","href":"https:\/\/api.w.org\/{rel}","templated":true}]}}