{"id":3162,"date":"2022-06-28T13:09:35","date_gmt":"2022-06-28T13:09:35","guid":{"rendered":"http:\/\/cultures.hautsbassins.bf\/?page_id=3162"},"modified":"2023-02-20T09:15:10","modified_gmt":"2023-02-20T09:15:10","slug":"moussa-sanou","status":"publish","type":"page","link":"https:\/\/cultures.hautsbassins.bf\/index.php\/moussa-sanou\/","title":{"rendered":"Moussa SANOU"},"content":{"rendered":"\n<p><strong>Com\u00e9dien, dramaturge, metteur en sc\u00e8ne<\/strong><\/p>\n\n\n\n<p>\u00a0N\u00e9 le 1<sup>er<\/sup> Janvier 1965 \u00e0 Pala\/commune de Bobo-Dioulasso Moussa SANOU est l&#8217;un des principaux d\u00e9fenseurs de la professionnalisation des m\u00e9tiers des Arts de la Sc\u00e8ne en Afrique. Il est \u00e0 l\u2019origine de nombreuses initiatives culturelles au Burkina et ailleurs en Afrique. Il a anim\u00e9 des ateliers, particip\u00e9 \u00e0 diff\u00e9rentes cr\u00e9ations et tourn\u00e9es au Burkina Faso, dans tous les pays francophones d\u2019Afrique, en France, Italie, Suisse, Espagne, Allemagne, Bosnie-Herz\u00e9govine, Pologne, Argentine, Br\u00e9sil, Colombie\u2026 Sa collaboration la plus embl\u00e9matique a \u00e9t\u00e9 celle avec le <em>Th\u00e9\u00e2tre Nanterre Amandiers<\/em> en France qui a dur\u00e9 15 ans. Au fil des projets, Moussa SANOU est devenue un partenaire du <em>Th\u00e9\u00e2tre Nanterre Amandiers<\/em> dans le processus de r\u00e9alisation des grands projets artistiques. Il a assum\u00e9 la production ex\u00e9cutive des projets du <em>Th\u00e9\u00e2tre Nanterre Amandiers<\/em> qui se sont d\u00e9roul\u00e9es sur le sol Africain durant les 15 ann\u00e9es de collaboration. Moussa SANOU est auteur de nombreuses pi\u00e8ces de th\u00e9\u00e2tre.<\/p>\n\n\n\n<p><strong><u>PALMARES&nbsp;:<\/u><\/strong><\/p>\n\n\n\n<ul>\n<li>1<sup>er<\/sup> prix de th\u00e9\u00e2tre (Spectacle) \u00e0 la Semaine Nationale de la Culture.<\/li>\n\n\n\n<li>1<sup>er<\/sup>prix de Th\u00e9\u00e2tre (Dramaturgie) \u00e0 la Semaine Nationale de la Culture.<\/li>\n\n\n\n<li>2<sup>e<\/sup>prix au Grand prix national du Th\u00e9\u00e2tre du Burkina Faso.<\/li>\n\n\n\n<li>1<sup>er<\/sup> prix au Grand prix national du Th\u00e9\u00e2tre du Burkina.<\/li>\n<\/ul>\n\n\n\n<p>il a aussi remport\u00e9 des prix avec les certaines de ses \u0153uvres qui ont tourn\u00e9 sur le plan international<\/p>\n\n\n\n<p><strong>Douroudimi<\/strong> &nbsp;:<\/p>\n\n\n\n<ul>\n<li>Laur\u00e9at du Grand Prix Nationaux des Art et des Lettres de la Semaine Nationale de la Culture (SNC 2004-1er prix) en litt\u00e9rature,<\/li>\n\n\n\n<li>Laur\u00e9at du Grand Prix Nationaux des Art et des Lettres de la Semaine Nationale de la Culture (SNC 2006- 1er prix) en spectacle.<\/li>\n<\/ul>\n\n\n\n<p>(<strong>La trilogie de Boulaye <\/strong>)&nbsp;:Laur\u00e9at des Grands prix Nationaux du Th\u00e9\u00e2tre en 1997 (1er prix)<\/p>\n\n\n\n<p> (<strong>La D\u00e9rive de Talamab\u00e9r\u00e9<\/strong> )&nbsp;:Laur\u00e9at des Grands prix Nationaux du Th\u00e9\u00e2tre (1er prix)<\/p>\n\n\n\n<p>Il est aussi <\/p>\n\n\n\n<p><\/p>\n\n\n\n<p><strong>compagnie trace th\u00e9atre <\/strong><\/p>\n\n\n\n<p>Formateur en art oratoire au Grand S\u00e9minaire de Koumi&nbsp;;<\/p>\n\n\n\n<p>Conseiller au C.E.S (Conseil Economique et Social) du Burkina Faso&nbsp;;<\/p>\n\n\n\n<p>Pr\u00e9sident de la F\u00e9d\u00e9ration Nationale des Professionnels de la sc\u00e8ne&nbsp;;&nbsp;<\/p>\n\n\n\n<p>Pr\u00e9sident du COLLECTIF SYA BEN \/collectif des associations culturelles et artistiques et Hommes de culture de la R\u00e9gion des Hauts-Bassins<\/p>\n\n\n\n<p>Membre repr\u00e9sentant la soci\u00e9t\u00e9 civil Burkinab\u00e9 \u00e0 l\u2019ECOSOCC de l\u2019Union Africaine (de 2006 \u00e0 2011)<\/p>\n\n\n\n<p><strong><u>DISTINCTIONS HONORIFIQUES :<\/u><\/strong><a><strong><em><\/em><\/strong><\/a><\/p>\n\n\n\n<p>Chevalier de l\u2019Ordre du m\u00e9rite des Arts, des lettres et de la Communication&nbsp;;<strong><em><\/em><\/strong><\/p>\n\n\n\n<p>Officier de l\u2019Ordre du m\u00e9rite des Arts, des lettres et de la Communication&nbsp;;<strong><em><\/em><\/strong><\/p>\n\n\n\n<p>Certificat de reconnaissance d\u00e9cerne par la commune de Bobo-Dioulasso \u00e0 l\u2019occasion de la remise des troph\u00e9es d\u2019honneurs, en vue de magnifier l\u2019honneur (1<sup>er<\/sup> f\u00e9vrier 2020)&nbsp;;<strong><em><\/em><\/strong><\/p>\n\n\n\n<p>Certificat de reconnaissance d\u00e9cerne par la ville de Sya en guise de reconnaissance et de soutien pour avoir contribu\u00e9 au rayonnement artistique et culturel de la commune de Bobo-Dioulasso (14 octobre 2007)<strong><em><\/em><\/strong><\/p>\n","protected":false},"excerpt":{"rendered":"<p class=\"text-justify mb-2\" >Com\u00e9dien, dramaturge, metteur en sc\u00e8ne \u00a0N\u00e9 le 1er Janvier 1965 \u00e0 Pala\/commune de Bobo-Dioulasso Moussa SANOU est l&#8217;un des principaux d\u00e9fenseurs de la professionnalisation des m\u00e9tiers des Arts de la Sc\u00e8ne en Afrique. Il est \u00e0 l\u2019origine de nombreuses initiatives culturelles au Burkina et ailleurs [&hellip;]<\/p>\n","protected":false},"author":5,"featured_media":3166,"parent":0,"menu_order":0,"comment_status":"closed","ping_status":"closed","template":"","meta":[],"_links":{"self":[{"href":"https:\/\/cultures.hautsbassins.bf\/index.php\/wp-json\/wp\/v2\/pages\/3162"}],"collection":[{"href":"https:\/\/cultures.hautsbassins.bf\/index.php\/wp-json\/wp\/v2\/pages"}],"about":[{"href":"https:\/\/cultures.hautsbassins.bf\/index.php\/wp-json\/wp\/v2\/types\/page"}],"author":[{"embeddable":true,"href":"https:\/\/cultures.hautsbassins.bf\/index.php\/wp-json\/wp\/v2\/users\/5"}],"replies":[{"embeddable":true,"href":"https:\/\/cultures.hautsbassins.bf\/index.php\/wp-json\/wp\/v2\/comments?post=3162"}],"version-history":[{"count":5,"href":"https:\/\/cultures.hautsbassins.bf\/index.php\/wp-json\/wp\/v2\/pages\/3162\/revisions"}],"predecessor-version":[{"id":4731,"href":"https:\/\/cultures.hautsbassins.bf\/index.php\/wp-json\/wp\/v2\/pages\/3162\/revisions\/4731"}],"wp:featuredmedia":[{"embeddable":true,"href":"https:\/\/cultures.hautsbassins.bf\/index.php\/wp-json\/wp\/v2\/media\/3166"}],"wp:attachment":[{"href":"https:\/\/cultures.hautsbassins.bf\/index.php\/wp-json\/wp\/v2\/media?parent=3162"}],"curies":[{"name":"wp","href":"https:\/\/api.w.org\/{rel}","templated":true}]}}

<p><strong>Comédien, dramaturge, metteur en scène</strong></p>



<p> Né le 1<sup>er</sup> Janvier 1965 à Pala/commune de Bobo-Dioulasso Moussa SANOU est l&#8217;un des principaux défenseurs de la professionnalisation des métiers des Arts de la Scène en Afrique. Il est à l’origine de nombreuses initiatives culturelles au Burkina et ailleurs en Afrique. Il a animé des ateliers, participé à différentes créations et tournées au Burkina Faso, dans tous les pays francophones d’Afrique, en France, Italie, Suisse, Espagne, Allemagne, Bosnie-Herzégovine, Pologne, Argentine, Brésil, Colombie… Sa collaboration la plus emblématique a été celle avec le <em>Théâtre Nanterre Amandiers</em> en France qui a duré 15 ans. Au fil des projets, Moussa SANOU est devenue un partenaire du <em>Théâtre Nanterre Amandiers</em> dans le processus de réalisation des grands projets artistiques. Il a assumé la production exécutive des projets du <em>Théâtre Nanterre Amandiers</em> qui se sont déroulées sur le sol Africain durant les 15 années de collaboration. Moussa SANOU est auteur de nombreuses pièces de théâtre.</p>



<p><strong><u>PALMARES&nbsp;:</u></strong></p>



<ul>
<li>1<sup>er</sup> prix de théâtre (Spectacle) à la Semaine Nationale de la Culture.</li>



<li>1<sup>er</sup>prix de Théâtre (Dramaturgie) à la Semaine Nationale de la Culture.</li>



<li>2<sup>e</sup>prix au Grand prix national du Théâtre du Burkina Faso.</li>



<li>1<sup>er</sup> prix au Grand prix national du Théâtre du Burkina.</li>
</ul>



<p>il a aussi remporté des prix avec les certaines de ses œuvres qui ont tourné sur le plan international</p>



<p><strong>Douroudimi</strong> &nbsp;:</p>



<ul>
<li>Lauréat du Grand Prix Nationaux des Art et des Lettres de la Semaine Nationale de la Culture (SNC 2004-1er prix) en littérature,</li>



<li>Lauréat du Grand Prix Nationaux des Art et des Lettres de la Semaine Nationale de la Culture (SNC 2006- 1er prix) en spectacle.</li>
</ul>



<p>(<strong>La trilogie de Boulaye </strong>)&nbsp;:Lauréat des Grands prix Nationaux du Théâtre en 1997 (1er prix)</p>



<p> (<strong>La Dérive de Talamabéré</strong> )&nbsp;:Lauréat des Grands prix Nationaux du Théâtre (1er prix)</p>



<p>Il est aussi </p>



<p></p>



<p><strong>compagnie trace théatre </strong></p>



<p>Formateur en art oratoire au Grand Séminaire de Koumi&nbsp;;</p>



<p>Conseiller au C.E.S (Conseil Economique et Social) du Burkina Faso&nbsp;;</p>



<p>Président de la Fédération Nationale des Professionnels de la scène&nbsp;;&nbsp;</p>



<p>Président du COLLECTIF SYA BEN /collectif des associations culturelles et artistiques et Hommes de culture de la Région des Hauts-Bassins</p>



<p>Membre représentant la société civil Burkinabé à l’ECOSOCC de l’Union Africaine (de 2006 à 2011)</p>



<p><strong><u>DISTINCTIONS HONORIFIQUES :</u></strong><a><strong><em></em></strong></a></p>



<p>Chevalier de l’Ordre du mérite des Arts, des lettres et de la Communication&nbsp;;<strong><em></em></strong></p>



<p>Officier de l’Ordre du mérite des Arts, des lettres et de la Communication&nbsp;;<strong><em></em></strong></p>



<p>Certificat de reconnaissance décerne par la commune de Bobo-Dioulasso à l’occasion de la remise des trophées d’honneurs, en vue de magnifier l’honneur (1<sup>er</sup> février 2020)&nbsp;;<strong><em></em></strong></p>



<p>Certificat de reconnaissance décerne par la ville de Sya en guise de reconnaissance et de soutien pour avoir contribué au rayonnement artistique et culturel de la commune de Bobo-Dioulasso (14 octobre 2007)<strong><em></em></strong></p>

<p class="text-justify mb-2" >Comédien, dramaturge, metteur en scène  Né le 1er Janvier 1965 à Pala/commune de Bobo-Dioulasso Moussa SANOU est l&#8217;un des principaux défenseurs de la professionnalisation des métiers des Arts de la Scène en Afrique. Il est à l’origine de nombreuses initiatives culturelles au Burkina et ailleurs [&hellip;]</p>
