{"id":3260,"date":"2022-07-04T17:01:21","date_gmt":"2022-07-04T17:01:21","guid":{"rendered":"http:\/\/cultures.hautsbassins.bf\/?page_id=3260"},"modified":"2023-02-17T17:31:01","modified_gmt":"2023-02-17T17:31:01","slug":"groupe-label-afrikanda","status":"publish","type":"page","link":"https:\/\/cultures.hautsbassins.bf\/index.php\/groupe-label-afrikanda\/","title":{"rendered":"Groupe Label Afrikan\u2019da"},"content":{"rendered":"\n<p>Artistes slameurs<\/p>\n\n\n\n<p>RH (Moulaye Rachid Teffian), Booder (Sah Aboubacar Traore), Boni Lanky (Benjamin Esa\u00efe Tetemi Boni) et Moustapha Sissoko ont \u00a0marqu\u00e9 leur territoire dans l\u2019univers du slam au Burkina Faso.\u00a0 Ces trois jeunes bobolais \u00e0 la plume ardente et au verve caustique ont cr\u00e9\u00e9 le Groupe Afrikanda en 2012 qui veut dire en langue bambara \u2018\u2019les voix africaines\u2019\u2019, \u00e0 travers lequel ils \u00e9cument les sc\u00e8nes d\u2019Afrique et d\u2019Europe.<\/p>\n\n\n\n<p>Tous rappeurs \u00e0 l\u2019origine, les membres d\u2019<a>Afrikan\u2019da<\/a> ont d\u00e9but\u00e9 le slam en 2007 et se sont illustr\u00e9s sur la sc\u00e8ne musicale d\u2019abord au festival Waga Hip Hop 12 renomm\u00e9 plus tard Waga festival.<\/p>\n\n\n\n<p>En 2014 ils enregistrent leur premier album live \u2018\u2019Parol\u2019\u00e0 ma plume\u2019\u2019, avec une couleur musicale tradi-moderne. C\u2019est le tout premier album slam de la ville de Sya. Avec cet opus Afrikan\u2019da enflamme les sc\u00e8nes.<\/p>\n\n\n\n<div class=\"wp-block-media-text alignwide is-stacked-on-mobile\"><figure class=\"wp-block-media-text__media\"><img decoding=\"async\" loading=\"lazy\" width=\"719\" height=\"719\" src=\"http:\/\/cultures.hautsbassins.bf\/wp-content\/uploads\/2022\/07\/FB_IMG_1649672585918-1.jpg\" alt=\"\" class=\"wp-image-3263 size-full\" srcset=\"https:\/\/cultures.hautsbassins.bf\/wp-content\/uploads\/2022\/07\/FB_IMG_1649672585918-1.jpg 719w, https:\/\/cultures.hautsbassins.bf\/wp-content\/uploads\/2022\/07\/FB_IMG_1649672585918-1-300x300.jpg 300w, https:\/\/cultures.hautsbassins.bf\/wp-content\/uploads\/2022\/07\/FB_IMG_1649672585918-1-150x150.jpg 150w, https:\/\/cultures.hautsbassins.bf\/wp-content\/uploads\/2022\/07\/FB_IMG_1649672585918-1-122x122.jpg 122w\" sizes=\"(max-width: 719px) 100vw, 719px\" \/><\/figure><div class=\"wp-block-media-text__content\">\n<p>Distingu\u00e9 \u2018\u2019Ambassadeur du slam\u2019\u2019 au Mali, le Groupe cr\u00e9e le Label Afrikanda Officiel (LAO) \u00e0 travers lequel il organise depuis bient\u00f4t sept ans le \u00ab&nbsp;Festival International d\u2019Eloquence Slam Eveil&nbsp;\u00bb qui regroupe plus de 40 \u00e9tablissements et universit\u00e9s du Burkina Faso et qui se tient \u00e0 Bobo-Dioulasso.<\/p>\n\n\n\n<p>Avec ce label donc, Afrikan\u2019da a conclu un partenariat avec le coll\u00e8ge Leonard De Vinci de Tours (France). Quatre textes d\u2019Afrikan\u2019da sont au programme p\u00e9dagogique de cet \u00e9tablissement. Afrikan\u2019da dispose \u00e9galement d\u2019un studio d\u2019enregistrement Kandala prod, et dans sa discographie plusieurs titres.<\/p>\n<\/div><\/div>\n\n\n\n<p>Distingu\u00e9 \u2018\u2019Ambassadeur du slam\u2019\u2019 au Mali, le Groupe cr\u00e9e le Label Afrikanda Officiel (LAO) \u00e0 travers lequel il organise depuis bient\u00f4t sept ans le \u00ab&nbsp;Festival International d\u2019Eloquence Slam Eveil&nbsp;\u00bb qui regroupe plus de 40 \u00e9tablissements et universit\u00e9s du Burkina Faso et qui se tient \u00e0 Bobo-Dioulasso.<\/p>\n\n\n\n<p>Avec ce label donc, Afrikan\u2019da a conclu un partenariat avec le coll\u00e8ge Leonard De Vinci de Tours (France). Quatre textes d\u2019Afrikan\u2019da sont au programme p\u00e9dagogique de cet \u00e9tablissement. Afrikan\u2019da dispose \u00e9galement d\u2019un studio d\u2019enregistrement Kandala prod, et dans sa discographie plusieurs titres.<\/p>\n\n\n\n<p>Contacts : (00226) 76 47 63 40\/70 78 02 38\/ 76 58 79 66\/61023636<\/p>\n\n\n\n<p>Courriel&nbsp;: afrikandala@gmail.com<\/p>\n","protected":false},"excerpt":{"rendered":"<p class=\"text-justify mb-2\" >Artistes slameurs RH (Moulaye Rachid Teffian), Booder (Sah Aboubacar Traore), Boni Lanky (Benjamin Esa\u00efe Tetemi Boni) et Moustapha Sissoko ont \u00a0marqu\u00e9 leur territoire dans l\u2019univers du slam au Burkina Faso.\u00a0 Ces trois jeunes bobolais \u00e0 la plume ardente et au verve caustique ont cr\u00e9\u00e9 le [&hellip;]<\/p>\n","protected":false},"author":5,"featured_media":3261,"parent":0,"menu_order":0,"comment_status":"closed","ping_status":"closed","template":"","meta":[],"_links":{"self":[{"href":"https:\/\/cultures.hautsbassins.bf\/index.php\/wp-json\/wp\/v2\/pages\/3260"}],"collection":[{"href":"https:\/\/cultures.hautsbassins.bf\/index.php\/wp-json\/wp\/v2\/pages"}],"about":[{"href":"https:\/\/cultures.hautsbassins.bf\/index.php\/wp-json\/wp\/v2\/types\/page"}],"author":[{"embeddable":true,"href":"https:\/\/cultures.hautsbassins.bf\/index.php\/wp-json\/wp\/v2\/users\/5"}],"replies":[{"embeddable":true,"href":"https:\/\/cultures.hautsbassins.bf\/index.php\/wp-json\/wp\/v2\/comments?post=3260"}],"version-history":[{"count":3,"href":"https:\/\/cultures.hautsbassins.bf\/index.php\/wp-json\/wp\/v2\/pages\/3260\/revisions"}],"predecessor-version":[{"id":4716,"href":"https:\/\/cultures.hautsbassins.bf\/index.php\/wp-json\/wp\/v2\/pages\/3260\/revisions\/4716"}],"wp:featuredmedia":[{"embeddable":true,"href":"https:\/\/cultures.hautsbassins.bf\/index.php\/wp-json\/wp\/v2\/media\/3261"}],"wp:attachment":[{"href":"https:\/\/cultures.hautsbassins.bf\/index.php\/wp-json\/wp\/v2\/media?parent=3260"}],"curies":[{"name":"wp","href":"https:\/\/api.w.org\/{rel}","templated":true}]}}

<p>Artistes slameurs</p>



<p>RH (Moulaye Rachid Teffian), Booder (Sah Aboubacar Traore), Boni Lanky (Benjamin Esaïe Tetemi Boni) et Moustapha Sissoko ont  marqué leur territoire dans l’univers du slam au Burkina Faso.  Ces trois jeunes bobolais à la plume ardente et au verve caustique ont créé le Groupe Afrikanda en 2012 qui veut dire en langue bambara ‘’les voix africaines’’, à travers lequel ils écument les scènes d’Afrique et d’Europe.</p>



<p>Tous rappeurs à l’origine, les membres d’<a>Afrikan’da</a> ont débuté le slam en 2007 et se sont illustrés sur la scène musicale d’abord au festival Waga Hip Hop 12 renommé plus tard Waga festival.</p>



<p>En 2014 ils enregistrent leur premier album live ‘’Parol’à ma plume’’, avec une couleur musicale tradi-moderne. C’est le tout premier album slam de la ville de Sya. Avec cet opus Afrikan’da enflamme les scènes.</p>



<div class="wp-block-media-text alignwide is-stacked-on-mobile"><figure class="wp-block-media-text__media"><img decoding="async" loading="lazy" width="719" height="719" src="http://cultures.hautsbassins.bf/wp-content/uploads/2022/07/FB_IMG_1649672585918-1.jpg" alt="" class="wp-image-3263 size-full" srcset="https://cultures.hautsbassins.bf/wp-content/uploads/2022/07/FB_IMG_1649672585918-1.jpg 719w, https://cultures.hautsbassins.bf/wp-content/uploads/2022/07/FB_IMG_1649672585918-1-300x300.jpg 300w, https://cultures.hautsbassins.bf/wp-content/uploads/2022/07/FB_IMG_1649672585918-1-150x150.jpg 150w, https://cultures.hautsbassins.bf/wp-content/uploads/2022/07/FB_IMG_1649672585918-1-122x122.jpg 122w" sizes="(max-width: 719px) 100vw, 719px" /></figure><div class="wp-block-media-text__content">
<p>Distingué ‘’Ambassadeur du slam’’ au Mali, le Groupe crée le Label Afrikanda Officiel (LAO) à travers lequel il organise depuis bientôt sept ans le «&nbsp;Festival International d’Eloquence Slam Eveil&nbsp;» qui regroupe plus de 40 établissements et universités du Burkina Faso et qui se tient à Bobo-Dioulasso.</p>



<p>Avec ce label donc, Afrikan’da a conclu un partenariat avec le collège Leonard De Vinci de Tours (France). Quatre textes d’Afrikan’da sont au programme pédagogique de cet établissement. Afrikan’da dispose également d’un studio d’enregistrement Kandala prod, et dans sa discographie plusieurs titres.</p>
</div></div>



<p>Distingué ‘’Ambassadeur du slam’’ au Mali, le Groupe crée le Label Afrikanda Officiel (LAO) à travers lequel il organise depuis bientôt sept ans le «&nbsp;Festival International d’Eloquence Slam Eveil&nbsp;» qui regroupe plus de 40 établissements et universités du Burkina Faso et qui se tient à Bobo-Dioulasso.</p>



<p>Avec ce label donc, Afrikan’da a conclu un partenariat avec le collège Leonard De Vinci de Tours (France). Quatre textes d’Afrikan’da sont au programme pédagogique de cet établissement. Afrikan’da dispose également d’un studio d’enregistrement Kandala prod, et dans sa discographie plusieurs titres.</p>



<p>Contacts : (00226) 76 47 63 40/70 78 02 38/ 76 58 79 66/61023636</p>



<p>Courriel&nbsp;: afrikandala@gmail.com</p>

<p class="text-justify mb-2" >Artistes slameurs RH (Moulaye Rachid Teffian), Booder (Sah Aboubacar Traore), Boni Lanky (Benjamin Esaïe Tetemi Boni) et Moustapha Sissoko ont  marqué leur territoire dans l’univers du slam au Burkina Faso.  Ces trois jeunes bobolais à la plume ardente et au verve caustique ont créé le [&hellip;]</p>
