{"id":3449,"date":"2022-07-12T16:27:55","date_gmt":"2022-07-12T16:27:55","guid":{"rendered":"http:\/\/cultures.hautsbassins.bf\/?page_id=3449"},"modified":"2023-02-16T12:42:23","modified_gmt":"2023-02-16T12:42:23","slug":"la-guinguetta","status":"publish","type":"page","link":"https:\/\/cultures.hautsbassins.bf\/index.php\/la-guinguetta\/","title":{"rendered":"La GUINGUETTA"},"content":{"rendered":"\n<div class=\"wp-block-media-text alignwide is-stacked-on-mobile is-vertically-aligned-top\"><figure class=\"wp-block-media-text__media\"><img decoding=\"async\" loading=\"lazy\" width=\"972\" height=\"648\" src=\"http:\/\/cultures.hautsbassins.bf\/wp-content\/uploads\/2022\/07\/IMG-20220312-WA0024.jpg\" alt=\"\" class=\"wp-image-3298 size-full\" srcset=\"https:\/\/cultures.hautsbassins.bf\/wp-content\/uploads\/2022\/07\/IMG-20220312-WA0024.jpg 972w, https:\/\/cultures.hautsbassins.bf\/wp-content\/uploads\/2022\/07\/IMG-20220312-WA0024-300x200.jpg 300w, https:\/\/cultures.hautsbassins.bf\/wp-content\/uploads\/2022\/07\/IMG-20220312-WA0024-768x512.jpg 768w, https:\/\/cultures.hautsbassins.bf\/wp-content\/uploads\/2022\/07\/IMG-20220312-WA0024-650x434.jpg 650w, https:\/\/cultures.hautsbassins.bf\/wp-content\/uploads\/2022\/07\/IMG-20220312-WA0024-730x487.jpg 730w, https:\/\/cultures.hautsbassins.bf\/wp-content\/uploads\/2022\/07\/IMG-20220312-WA0024-112x75.jpg 112w, https:\/\/cultures.hautsbassins.bf\/wp-content\/uploads\/2022\/07\/IMG-20220312-WA0024-425x283.jpg 425w, https:\/\/cultures.hautsbassins.bf\/wp-content\/uploads\/2022\/07\/IMG-20220312-WA0024-430x287.jpg 430w\" sizes=\"(max-width: 972px) 100vw, 972px\" \/><\/figure><div class=\"wp-block-media-text__content\">\n<p class=\"has-medium-font-size\">Cr\u00e9\u00e9e en octobre 2008 la Guinguetta qui veut dire petite guinguette est situ\u00e9e \u00e0 15km de Bobo-Dioulasso. La Guinguetta se veut une r\u00e9ponse au besoin de loisir, de distraction, de la promotion du patrimoine culturel.<\/p>\n<\/div><\/div>\n\n\n\n<div class=\"wp-block-media-text alignwide is-stacked-on-mobile is-vertically-aligned-top\"><figure class=\"wp-block-media-text__media\"><img decoding=\"async\" loading=\"lazy\" width=\"1024\" height=\"576\" src=\"http:\/\/cultures.hautsbassins.bf\/wp-content\/uploads\/2022\/07\/IMG-20220312-WA0026-1024x576.jpg\" alt=\"\" class=\"wp-image-3299 size-full\" srcset=\"https:\/\/cultures.hautsbassins.bf\/wp-content\/uploads\/2022\/07\/IMG-20220312-WA0026-1024x576.jpg 1024w, https:\/\/cultures.hautsbassins.bf\/wp-content\/uploads\/2022\/07\/IMG-20220312-WA0026-300x169.jpg 300w, https:\/\/cultures.hautsbassins.bf\/wp-content\/uploads\/2022\/07\/IMG-20220312-WA0026-768x432.jpg 768w, https:\/\/cultures.hautsbassins.bf\/wp-content\/uploads\/2022\/07\/IMG-20220312-WA0026.jpg 1080w\" sizes=\"(max-width: 1024px) 100vw, 1024px\" \/><\/figure><div class=\"wp-block-media-text__content\">\n<p class=\"has-medium-font-size\">Cadre sp\u00e9cial pour passer de tr\u00e8s bons moments en famille, amis ou coll\u00e8gues avec d\u00e9j\u00e0 des statuts ethniques \u00e0 l\u2019entr\u00e9e. Entre le calme qui y r\u00e8gne pour se d\u00e9tendre et se revigorer, les si\u00e8ges en bambou pour mieux profiter de la vue qui s\u2019offre \u00e0 vous et les succulents mets locaux et des rafraichissements de quoi faire vibrer vos papilles.<\/p>\n<\/div><\/div>\n\n\n\n<div class=\"wp-block-media-text alignwide is-stacked-on-mobile is-vertically-aligned-top\"><figure class=\"wp-block-media-text__media\"><img decoding=\"async\" loading=\"lazy\" width=\"1024\" height=\"576\" src=\"http:\/\/cultures.hautsbassins.bf\/wp-content\/uploads\/2022\/07\/IMG-20220312-WA0025-1-1024x576.jpg\" alt=\"\" class=\"wp-image-3300 size-full\" srcset=\"https:\/\/cultures.hautsbassins.bf\/wp-content\/uploads\/2022\/07\/IMG-20220312-WA0025-1-1024x576.jpg 1024w, https:\/\/cultures.hautsbassins.bf\/wp-content\/uploads\/2022\/07\/IMG-20220312-WA0025-1-300x169.jpg 300w, https:\/\/cultures.hautsbassins.bf\/wp-content\/uploads\/2022\/07\/IMG-20220312-WA0025-1-768x432.jpg 768w, https:\/\/cultures.hautsbassins.bf\/wp-content\/uploads\/2022\/07\/IMG-20220312-WA0025-1.jpg 1080w\" sizes=\"(max-width: 1024px) 100vw, 1024px\" \/><\/figure><div class=\"wp-block-media-text__content\">\n<p class=\"has-medium-font-size\">Au Burkina Faso, nous n&#8217;avons pas acc\u00e8s \u00e0 la mer mais nos populations ont les m\u00eames envies et r\u00eaves que ceux des pays c\u00f4tiers \u00e0 travers des activit\u00e9s touristiques et baln\u00e9aires. La rivi\u00e8re kou c\u00f4toie directement l&#8217;espace \u00e9cotourisme offrant du coup des moments de baignade. Du sable, des cocotiers, des bambous au bord de la rivi\u00e8re pour nous faire nous sentir \u00e0 la plage.&nbsp; On n\u2019y trouve \u00e9galement des animaux en voie de disparition et aussi un jardin sp\u00e9cialement am\u00e9nag\u00e9 avec des plantes pour les enfants.<\/p>\n\n\n\n<p class=\"has-medium-font-size\">Tel&nbsp;: +226 74 11 86 86\/71 11 86 86\/68 11 86 86&nbsp;&nbsp;&nbsp;&nbsp; <\/p>\n\n\n\n<p class=\"has-medium-font-size\">WhatsApp&nbsp;: 77 45 96 45<\/p>\n\n\n\n<p class=\"has-medium-font-size\">&nbsp;Mail&nbsp;: <a href=\"mailto:alinosanou@yahoo.fr\">alinosanou@yahoo.fr<\/a><\/p>\n\n\n\n<p class=\"has-medium-font-size\">&nbsp;Facebook: La Guinguetta chez Alino<\/p>\n<\/div><\/div>\n","protected":false},"excerpt":{"rendered":"<p class=\"text-justify mb-2\" >Cr\u00e9\u00e9e en octobre 2008 la Guinguetta qui veut dire petite guinguette est situ\u00e9e \u00e0 15km de Bobo-Dioulasso. La Guinguetta se veut une r\u00e9ponse au besoin de loisir, de distraction, de la promotion du patrimoine culturel. Cadre sp\u00e9cial pour passer de tr\u00e8s bons moments en famille, [&hellip;]<\/p>\n","protected":false},"author":3,"featured_media":0,"parent":0,"menu_order":0,"comment_status":"closed","ping_status":"closed","template":"","meta":[],"_links":{"self":[{"href":"https:\/\/cultures.hautsbassins.bf\/index.php\/wp-json\/wp\/v2\/pages\/3449"}],"collection":[{"href":"https:\/\/cultures.hautsbassins.bf\/index.php\/wp-json\/wp\/v2\/pages"}],"about":[{"href":"https:\/\/cultures.hautsbassins.bf\/index.php\/wp-json\/wp\/v2\/types\/page"}],"author":[{"embeddable":true,"href":"https:\/\/cultures.hautsbassins.bf\/index.php\/wp-json\/wp\/v2\/users\/3"}],"replies":[{"embeddable":true,"href":"https:\/\/cultures.hautsbassins.bf\/index.php\/wp-json\/wp\/v2\/comments?post=3449"}],"version-history":[{"count":2,"href":"https:\/\/cultures.hautsbassins.bf\/index.php\/wp-json\/wp\/v2\/pages\/3449\/revisions"}],"predecessor-version":[{"id":4539,"href":"https:\/\/cultures.hautsbassins.bf\/index.php\/wp-json\/wp\/v2\/pages\/3449\/revisions\/4539"}],"wp:attachment":[{"href":"https:\/\/cultures.hautsbassins.bf\/index.php\/wp-json\/wp\/v2\/media?parent=3449"}],"curies":[{"name":"wp","href":"https:\/\/api.w.org\/{rel}","templated":true}]}}