{"id":3605,"date":"2022-07-18T08:14:03","date_gmt":"2022-07-18T08:14:03","guid":{"rendered":"http:\/\/cultures.hautsbassins.bf\/?page_id=3605"},"modified":"2022-07-18T08:14:03","modified_gmt":"2022-07-18T08:14:03","slug":"san-clement-coulibaly","status":"publish","type":"page","link":"https:\/\/cultures.hautsbassins.bf\/index.php\/san-clement-coulibaly\/","title":{"rendered":"San cl\u00e9ment COULIBALY"},"content":{"rendered":"\n<p>R\u00e9alisateur<\/p>\n\n\n\n<div class=\"wp-block-media-text alignwide is-stacked-on-mobile\"><figure class=\"wp-block-media-text__media\"><img decoding=\"async\" loading=\"lazy\" width=\"766\" height=\"1024\" src=\"http:\/\/cultures.hautsbassins.bf\/wp-content\/uploads\/2022\/07\/photo-clement-766x1024.jpg\" alt=\"\" class=\"wp-image-3606 size-full\" srcset=\"https:\/\/cultures.hautsbassins.bf\/wp-content\/uploads\/2022\/07\/photo-clement-766x1024.jpg 766w, https:\/\/cultures.hautsbassins.bf\/wp-content\/uploads\/2022\/07\/photo-clement-225x300.jpg 225w, https:\/\/cultures.hautsbassins.bf\/wp-content\/uploads\/2022\/07\/photo-clement-768x1026.jpg 768w, https:\/\/cultures.hautsbassins.bf\/wp-content\/uploads\/2022\/07\/photo-clement.jpg 958w\" sizes=\"(max-width: 766px) 100vw, 766px\" \/><\/figure><div class=\"wp-block-media-text__content\">\n<p class=\"has-medium-font-size\">San cl\u00e9ment COULIBALY est n\u00e9 \u00e0 TOUSSIANA o\u00f9 il fait ses \u00e9tudes primaire et secondaire. Ensuite il rejoint<br>Bobo Dioulasso pour le lyc\u00e9e. Apres son BEP, il se lance dans le domaine informatique. Il apprend<br>l&#8217;arrangement musical et la r\u00e9alisation des clips vid\u00e9o. Ce que fut son premier pas dans le domaine de<br>l&#8217;image et du son\u2026 <\/p>\n<\/div><\/div>\n\n\n\n<p class=\"has-medium-font-size\">Son aventure avec une r\u00e9alisatrice du nom de Fanta NACRO le perfectionne. Apr\u00e8s<br>plusieurs ann\u00e9es de formation et stage, San cl\u00e9ment COULIBALY est auteur de 3 films dont un long<br>m\u00e9trage : les aventures de soum et Ben, une S\u00e9rie Tv : Quartier G\u00e9n\u00e9ral (QG) et un court M\u00e9trage : CHITOULOU (le beurre de karit\u00e9).<\/p>\n","protected":false},"excerpt":{"rendered":"<p class=\"text-justify mb-2\" >R\u00e9alisateur San cl\u00e9ment COULIBALY est n\u00e9 \u00e0 TOUSSIANA o\u00f9 il fait ses \u00e9tudes primaire et secondaire. Ensuite il rejointBobo Dioulasso pour le lyc\u00e9e. Apres son BEP, il se lance dans le domaine informatique. Il apprendl&#8217;arrangement musical et la r\u00e9alisation des clips vid\u00e9o. Ce que fut [&hellip;]<\/p>\n","protected":false},"author":5,"featured_media":0,"parent":0,"menu_order":0,"comment_status":"closed","ping_status":"closed","template":"","meta":[],"_links":{"self":[{"href":"https:\/\/cultures.hautsbassins.bf\/index.php\/wp-json\/wp\/v2\/pages\/3605"}],"collection":[{"href":"https:\/\/cultures.hautsbassins.bf\/index.php\/wp-json\/wp\/v2\/pages"}],"about":[{"href":"https:\/\/cultures.hautsbassins.bf\/index.php\/wp-json\/wp\/v2\/types\/page"}],"author":[{"embeddable":true,"href":"https:\/\/cultures.hautsbassins.bf\/index.php\/wp-json\/wp\/v2\/users\/5"}],"replies":[{"embeddable":true,"href":"https:\/\/cultures.hautsbassins.bf\/index.php\/wp-json\/wp\/v2\/comments?post=3605"}],"version-history":[{"count":1,"href":"https:\/\/cultures.hautsbassins.bf\/index.php\/wp-json\/wp\/v2\/pages\/3605\/revisions"}],"predecessor-version":[{"id":3607,"href":"https:\/\/cultures.hautsbassins.bf\/index.php\/wp-json\/wp\/v2\/pages\/3605\/revisions\/3607"}],"wp:attachment":[{"href":"https:\/\/cultures.hautsbassins.bf\/index.php\/wp-json\/wp\/v2\/media?parent=3605"}],"curies":[{"name":"wp","href":"https:\/\/api.w.org\/{rel}","templated":true}]}}