{"id":3636,"date":"2022-07-20T10:04:17","date_gmt":"2022-07-20T10:04:17","guid":{"rendered":"http:\/\/cultures.hautsbassins.bf\/?page_id=3636"},"modified":"2023-04-08T23:18:00","modified_gmt":"2023-04-08T23:18:00","slug":"ouedraogo-karim","status":"publish","type":"page","link":"https:\/\/cultures.hautsbassins.bf\/index.php\/ouedraogo-karim\/","title":{"rendered":"OUEDRAOGO Karim"},"content":{"rendered":"\n<p>Humoriste<\/p>\n\n\n\n<div class=\"wp-block-media-text alignwide is-stacked-on-mobile is-vertically-aligned-top\"><figure class=\"wp-block-media-text__media\"><img decoding=\"async\" loading=\"lazy\" width=\"1024\" height=\"805\" src=\"http:\/\/cultures.hautsbassins.bf\/wp-content\/uploads\/2022\/07\/d5882455ef5b409eae668826a00f73f2_1-1024x805.jpg\" alt=\"\" class=\"wp-image-3637 size-full\" srcset=\"https:\/\/cultures.hautsbassins.bf\/wp-content\/uploads\/2022\/07\/d5882455ef5b409eae668826a00f73f2_1-1024x805.jpg 1024w, https:\/\/cultures.hautsbassins.bf\/wp-content\/uploads\/2022\/07\/d5882455ef5b409eae668826a00f73f2_1-300x236.jpg 300w, https:\/\/cultures.hautsbassins.bf\/wp-content\/uploads\/2022\/07\/d5882455ef5b409eae668826a00f73f2_1-768x604.jpg 768w, https:\/\/cultures.hautsbassins.bf\/wp-content\/uploads\/2022\/07\/d5882455ef5b409eae668826a00f73f2_1.jpg 1080w\" sizes=\"(max-width: 1024px) 100vw, 1024px\" \/><\/figure><div class=\"wp-block-media-text__content\">\n<p class=\"has-medium-font-size\">\u00c0 l&#8217;\u00e9tat civil OUEDRAOGO Karim, Humoriste com\u00e9dien Karim la Joie. Acteur du cin\u00e9ma et musiciens. Premier Humoriste Bobolais \u00e0 d\u00e9fier le th\u00e9\u00e2tre de l&#8217;amiti\u00e9 le 17 f\u00e9vrier 2022. En effet j&#8217;ai jou\u00e9 dans quelques s\u00e9ries de Souk\u00e9 Walimousso et dans trois longs m\u00e9trages d\u00e9j\u00e0 disponibles tels que le Majordome de Ars\u00e8ne KIENDREBEOGO, le Dilemme de Ga\u00ebl BERE,le mariage d&#8217;affaire de Abdoul Bague et dans une S\u00e9rie nomm\u00e9e un monde sans fin de \u00c9ric LINGUANY.<\/p>\n<\/div><\/div>\n\n\n\n<p class=\"has-medium-font-size\">J&#8217;ai \u00e9galement plusieurs courts m\u00e9trages \u00e0 mon actif qui n&#8217;arr\u00eates pas de voyager sur le plan national et international en tant que web Humoriste.<\/p>\n\n\n\n<p>Mail&nbsp;: <a href=\"mailto:ko662220@gmail.com\">ko662220@gmail.com<\/a><\/p>\n","protected":false},"excerpt":{"rendered":"<p class=\"text-justify mb-2\" >Humoriste \u00c0 l&#8217;\u00e9tat civil OUEDRAOGO Karim, Humoriste com\u00e9dien Karim la Joie. Acteur du cin\u00e9ma et musiciens. Premier Humoriste Bobolais \u00e0 d\u00e9fier le th\u00e9\u00e2tre de l&#8217;amiti\u00e9 le 17 f\u00e9vrier 2022. En effet j&#8217;ai jou\u00e9 dans quelques s\u00e9ries de Souk\u00e9 Walimousso et dans trois longs m\u00e9trages d\u00e9j\u00e0 [&hellip;]<\/p>\n","protected":false},"author":5,"featured_media":3637,"parent":0,"menu_order":0,"comment_status":"closed","ping_status":"closed","template":"","meta":[],"_links":{"self":[{"href":"https:\/\/cultures.hautsbassins.bf\/index.php\/wp-json\/wp\/v2\/pages\/3636"}],"collection":[{"href":"https:\/\/cultures.hautsbassins.bf\/index.php\/wp-json\/wp\/v2\/pages"}],"about":[{"href":"https:\/\/cultures.hautsbassins.bf\/index.php\/wp-json\/wp\/v2\/types\/page"}],"author":[{"embeddable":true,"href":"https:\/\/cultures.hautsbassins.bf\/index.php\/wp-json\/wp\/v2\/users\/5"}],"replies":[{"embeddable":true,"href":"https:\/\/cultures.hautsbassins.bf\/index.php\/wp-json\/wp\/v2\/comments?post=3636"}],"version-history":[{"count":3,"href":"https:\/\/cultures.hautsbassins.bf\/index.php\/wp-json\/wp\/v2\/pages\/3636\/revisions"}],"predecessor-version":[{"id":4799,"href":"https:\/\/cultures.hautsbassins.bf\/index.php\/wp-json\/wp\/v2\/pages\/3636\/revisions\/4799"}],"wp:featuredmedia":[{"embeddable":true,"href":"https:\/\/cultures.hautsbassins.bf\/index.php\/wp-json\/wp\/v2\/media\/3637"}],"wp:attachment":[{"href":"https:\/\/cultures.hautsbassins.bf\/index.php\/wp-json\/wp\/v2\/media?parent=3636"}],"curies":[{"name":"wp","href":"https:\/\/api.w.org\/{rel}","templated":true}]}}