{"id":3642,"date":"2022-07-20T10:56:34","date_gmt":"2022-07-20T10:56:34","guid":{"rendered":"http:\/\/cultures.hautsbassins.bf\/?page_id=3642"},"modified":"2023-04-26T00:20:08","modified_gmt":"2023-04-26T00:20:08","slug":"mahouzou-tagnan","status":"publish","type":"page","link":"https:\/\/cultures.hautsbassins.bf\/index.php\/mahouzou-tagnan\/","title":{"rendered":"Mahouzou TAGNAN"},"content":{"rendered":"\n<p>Acrobate <\/p>\n\n\n\n<p>Mahouzou TAGNAN est un circassien n\u00e9 \u00e0 &nbsp;REO &nbsp;dans la province du Sangui\u00e9 et r\u00e9gion du Centre Ouest du Burkina. Il a fait l\u2019\u00e9cole franco-arabe et par la suite a d\u00e9marr\u00e9 la gymnastique au sol tout jeune au Lyc\u00e9e Ouezzin Coulibaly LOC de Bobo-Dioulasso en 2003. &nbsp;Passionn\u00e9 par cette pratique cela lui suivra jusqu\u2019aujourd\u2019hui. Vouloir pratiquer le cirque comme son m\u00e9tier dans mon cher pays le BURKINA FASO n\u2019est pas chose ais\u00e9e dit-il. Les st\u00e9r\u00e9otypes li\u00e9s \u00e0 ce domaine ne lui ont pas facilit\u00e9 la t\u00e2che et par moment il a failli rester au village et ne plus pouvoir continuer l\u2019acrobatie. Mais pouss\u00e9 par son envie de d\u00e9couvrir et d\u2019aller loin dans ce domaine, cela va l\u2019aider \u00e0 ne pas l\u00e2cher prise et depuis lors le cirque anime son quotidien. De la gymnastique au sol \u00e0 l\u2019acrobatie, il fait aussi de la danse contemporaine. Comme professeurs de danse contemporaine il fut form\u00e9 par M. Bienvenue BEZIE et M. Salia SANOU.<\/p>\n\n\n\n<p>Pour ce qui est de l\u2019acrobatie ses formations et passages dans des compagnies notamment Faso Cirque et Dafra Cirque ont \u00e9t\u00e9 multiples et diversifi\u00e9s. Il aura \u00e9galement la chance de fouler le sol fran\u00e7ais et marocain ou il va beaucoup apprendre. Il participe \u00e0 de nombreuses spectacles et festivals au Burkina Faso :<\/p>\n\n\n\n<p>Le spectacle d\u2019ouverture de la Semaine National de Culture de Bobo Dioulasso 2012 dans l\u2019\u00e9quipe des acrobates&nbsp;; Le Festival folklore du monde, le Festival d\u2019Art de la Rue, le Festival Rendez-Vous Chez Nous.&nbsp; Avec la compagnie \u2018\u2019DAFRA CIRQUE\u2019\u2019, il participe aux spectacles des diff\u00e9rentes \u00e9ditions du festival des Arts du Cirque de Bobo.<\/p>\n\n\n\n<p>A l\u2019international, il prend part \u00e0 Awaln\u2019Art au Maroc, au Festival de la ville D\u2019Amiens avec le Cirque Jules Vienne de France.<\/p>\n\n\n\n<p>De nos jours il est encadreur p\u00e9dagogique, animateur d\u2019atelier et poss\u00e8de un certificat de moniteur de cirque d\u00e9livr\u00e9 par Faso-Cirque (Burkina Faso). Il est le promoteur du festival Benkadi au secteur 23 de Bobo-Dioulasso tenu pour sa 1\u00e8re fois en Janvier.<\/p>\n\n\n\n<p>Il cr\u00e9\u00e9 sa propre compagnie d\u00e9nomm\u00e9e \u00ab&nbsp;Cirque ATOUFA&nbsp;\u00bb dont il est le Directeur artistique. &nbsp;Cette compagnie prend part aux Rencontres Interculturelles de Cirque d\u2019Abidjan (RICA) du 12 au 21 Mars 2022 en C\u00f4te d\u2019Ivoire o\u00f9 elle a pr\u00e9sent\u00e9 sa toute premi\u00e8re cr\u00e9ation de pi\u00e8ce acrobatique intitul\u00e9e \u00ab&nbsp;K\u00e8l\u00e8 Magni&nbsp;\u00bb en r\u00e9f\u00e9rence \u00e0 la crise s\u00e9curitaire qui s\u00e9vi dans la sous-r\u00e9gion et particuli\u00e8rement au Burkina Faso.<\/p>\n\n\n\n<p>Tel : +226 75 45 98 85<br>Email : mahouzoutagnan7@gmail.com    <\/p>\n","protected":false},"excerpt":{"rendered":"<p class=\"text-justify mb-2\" >Acrobate Mahouzou TAGNAN est un circassien n\u00e9 \u00e0 &nbsp;REO &nbsp;dans la province du Sangui\u00e9 et r\u00e9gion du Centre Ouest du Burkina. Il a fait l\u2019\u00e9cole franco-arabe et par la suite a d\u00e9marr\u00e9 la gymnastique au sol tout jeune au Lyc\u00e9e Ouezzin Coulibaly LOC de Bobo-Dioulasso [&hellip;]<\/p>\n","protected":false},"author":5,"featured_media":4977,"parent":0,"menu_order":0,"comment_status":"closed","ping_status":"closed","template":"","meta":[],"_links":{"self":[{"href":"https:\/\/cultures.hautsbassins.bf\/index.php\/wp-json\/wp\/v2\/pages\/3642"}],"collection":[{"href":"https:\/\/cultures.hautsbassins.bf\/index.php\/wp-json\/wp\/v2\/pages"}],"about":[{"href":"https:\/\/cultures.hautsbassins.bf\/index.php\/wp-json\/wp\/v2\/types\/page"}],"author":[{"embeddable":true,"href":"https:\/\/cultures.hautsbassins.bf\/index.php\/wp-json\/wp\/v2\/users\/5"}],"replies":[{"embeddable":true,"href":"https:\/\/cultures.hautsbassins.bf\/index.php\/wp-json\/wp\/v2\/comments?post=3642"}],"version-history":[{"count":4,"href":"https:\/\/cultures.hautsbassins.bf\/index.php\/wp-json\/wp\/v2\/pages\/3642\/revisions"}],"predecessor-version":[{"id":4978,"href":"https:\/\/cultures.hautsbassins.bf\/index.php\/wp-json\/wp\/v2\/pages\/3642\/revisions\/4978"}],"wp:featuredmedia":[{"embeddable":true,"href":"https:\/\/cultures.hautsbassins.bf\/index.php\/wp-json\/wp\/v2\/media\/4977"}],"wp:attachment":[{"href":"https:\/\/cultures.hautsbassins.bf\/index.php\/wp-json\/wp\/v2\/media?parent=3642"}],"curies":[{"name":"wp","href":"https:\/\/api.w.org\/{rel}","templated":true}]}}