{"id":4292,"date":"2023-02-11T13:38:00","date_gmt":"2023-02-11T13:38:00","guid":{"rendered":"http:\/\/cultures.hautsbassins.bf\/?page_id=4292"},"modified":"2023-02-16T17:43:24","modified_gmt":"2023-02-16T17:43:24","slug":"abdoul-karim-sawadogo","status":"publish","type":"page","link":"https:\/\/cultures.hautsbassins.bf\/index.php\/abdoul-karim-sawadogo\/","title":{"rendered":"Abdoul Karim SAWADOGO"},"content":{"rendered":"<p class=\"MsoNormal\"><span lang=\"FR\" style=\"mso-ansi-language: FR;\">Artiste danseur &#8211;\nAcrobate<\/span><\/p>\n<!-- \/wp:paragraph --><!-- wp:paragraph -->\n<p class=\"MsoNormal\"><strong><span lang=\"FR\" style=\"font-family: 'Calibri',sans-serif; mso-ascii-theme-font: minor-latin; mso-hansi-theme-font: minor-latin; mso-bidi-font-family: 'Times New Roman'; mso-bidi-theme-font: minor-bidi; mso-ansi-language: FR;\">Compagnie\nDafra Cirque de Bobo-Dioulasso<\/span><\/strong><\/p>\n<!-- \/wp:paragraph --><!-- wp:paragraph -->\n<p class=\"MsoNormal\">Contacts : 00 226 55 65 69 12 \/ 64 72 31 34\nE-mail : sawadogo.a.k.infra@gmail.com<\/p>\n<p class=\"MsoNormal\"><span lang=\"FR\" style=\"mso-ansi-language: FR;\">N\u00e9 le 22\/ 01\/2000 \u00e0 Att\u00e9coub\u00e9 en C\u00f4te d\u2019Ivoire, Sawadogo Abdoul Karim est issu d\u2019un p\u00e8re ivoirien etd\u2019une m\u00e8re burkinab\u00e8. Il a grandi entre deux fr\u00e8res et s\u0153ur et \u00e0 tr\u00e8s rapidement d\u00e9velopp\u00e9 un grand amour pour l\u2019art de la sc\u00e8ne plus pr\u00e9cis\u00e9ment la danse et la musique en allant suivre les r\u00e9p\u00e9titions dans une \u00e9cole primaire de son quartier. C\u2019est alors qu\u2019en 2010, il se lance dans les comp\u00e9titions inter-\u00e9tablissement dans la ville de Bobo-Dioulasso tels que Fitini show, talent des lyc\u00e9ens et Faso School Wonder. Fort des exp\u00e9riences acquis durant ses ann\u00e9es d\u2019apprentissage aupr\u00e8s de son entraineur KOTE Privat Ars\u00e8ne, il devient encadreur adjoint sur les comp\u00e9titions Fitini show et Fescom o\u00f9 il remporte la premi\u00e8re place \u00e0 l\u2019\u00e9dition 2019-2020. C\u2019est alors qu\u2019il d\u00e9cide de ce professionnalis\u00e9 dans la dans et la composition musicale. Il se lance alors dans lestages de danse et dans les cr\u00e9ations de pi\u00e8ces chor\u00e9graphiques en tant qu\u2019interpr\u00e8te, mais aussi \u00e0 travailler comme gestionnaires et apprentis c\u00e2bleur dans le studio Grouvement du c\u00e9l\u00e8bre batteur, Moise OUATTARA dans ses temps libres. En 2021, il passe avec succ\u00e8s les auditions pour int\u00e9grer les formations professionnelle de 3 ans \u00e0 la fois \u00e0 la Next Generation de la structure Ankata du chor\u00e9graphe Serge Aim\u00e9 COULIBALY; et au projet au-del\u00e0 des limites et l\u00f6nni du chor\u00e9graphe Yaya SANOU. Multi talentueux, Abdoul Karim \u00e0 \u00e9tudier la langue des signes et est en mesure de communiquer correctement avec les personnes en situation d\u2019handicap auditif. En outre, Il a assur\u00e9 la composition musicale de la derni\u00e8re cr\u00e9ation chor\u00e9graphique intitul\u00e9 Souffle de la compagnie Dafra cirque du Burkina Faso.<\/span><\/p>","protected":false},"excerpt":{"rendered":"<p class=\"text-justify mb-2\" >Artiste danseur &#8211; Acrobate Compagnie Dafra Cirque de Bobo-Dioulasso Contacts : 00 226 55 65 69 12 \/ 64 72 31 34 E-mail : sawadogo.a.k.infra@gmail.com N\u00e9 le 22\/ 01\/2000 \u00e0 Att\u00e9coub\u00e9 en C\u00f4te d\u2019Ivoire, Sawadogo Abdoul Karim est issu d\u2019un p\u00e8re ivoirien etd\u2019une m\u00e8re burkinab\u00e8. [&hellip;]<\/p>\n","protected":false},"author":3,"featured_media":4394,"parent":0,"menu_order":0,"comment_status":"closed","ping_status":"closed","template":"","meta":[],"_links":{"self":[{"href":"https:\/\/cultures.hautsbassins.bf\/index.php\/wp-json\/wp\/v2\/pages\/4292"}],"collection":[{"href":"https:\/\/cultures.hautsbassins.bf\/index.php\/wp-json\/wp\/v2\/pages"}],"about":[{"href":"https:\/\/cultures.hautsbassins.bf\/index.php\/wp-json\/wp\/v2\/types\/page"}],"author":[{"embeddable":true,"href":"https:\/\/cultures.hautsbassins.bf\/index.php\/wp-json\/wp\/v2\/users\/3"}],"replies":[{"embeddable":true,"href":"https:\/\/cultures.hautsbassins.bf\/index.php\/wp-json\/wp\/v2\/comments?post=4292"}],"version-history":[{"count":3,"href":"https:\/\/cultures.hautsbassins.bf\/index.php\/wp-json\/wp\/v2\/pages\/4292\/revisions"}],"predecessor-version":[{"id":4664,"href":"https:\/\/cultures.hautsbassins.bf\/index.php\/wp-json\/wp\/v2\/pages\/4292\/revisions\/4664"}],"wp:featuredmedia":[{"embeddable":true,"href":"https:\/\/cultures.hautsbassins.bf\/index.php\/wp-json\/wp\/v2\/media\/4394"}],"wp:attachment":[{"href":"https:\/\/cultures.hautsbassins.bf\/index.php\/wp-json\/wp\/v2\/media?parent=4292"}],"curies":[{"name":"wp","href":"https:\/\/api.w.org\/{rel}","templated":true}]}}