{"id":4915,"date":"2023-04-22T06:48:15","date_gmt":"2023-04-22T06:48:15","guid":{"rendered":"http:\/\/cultures.hautsbassins.bf\/?page_id=4915"},"modified":"2023-04-22T06:48:16","modified_gmt":"2023-04-22T06:48:16","slug":"abdoulaye-yossi-alias-eldji","status":"publish","type":"page","link":"https:\/\/cultures.hautsbassins.bf\/index.php\/abdoulaye-yossi-alias-eldji\/","title":{"rendered":"Abdoulaye Yossi alias Eldji"},"content":{"rendered":"\n<p><strong>Artiste musicien<\/strong><\/p>\n\n\n\n<p>Connu dans le Groupe Cisby et Eldji, Abdoulaye Yossi alias Eldji est n\u00e9 d\u2019une famille de griots. Il fait ses premiers pas dans la musique des l\u2019\u00e2ge de quinze ans dans sa ville natale \u00e0 Bobo-Dioulasso. C\u2019est v\u00e9ritablement en 1999 qu\u2019il se consacra \u00e0 la musique et en fit une profession. Apr\u00e8s plusieurs participations aux concours de chant et de danse, en 2007, gr\u00e2ce \u00e0 la comp\u00e9tition nationale \u00ab\u00a0Faso acad\u00e9mie\u00a0\u00bb. Il \u00a0se r\u00e9v\u00e9la \u00a0au public burkinab\u00e8\u00a0en 2009\u00a0en compagnie de son ami Seydou Ciss\u00e9 alias Cisby, avec qui il forge une carri\u00e8re musicale en duo et mettent leur premi\u00e8re \u0153uvre discographique \u00ab\u00a0la lumi\u00e8re de Dieu\u00a0\u00bb\u00a0qui connu franc succ\u00e8s sur le march\u00e9. Un album qui leur a permis en 2010 de d\u00e9crocher deux KUNDE \u00e0 savoir le KUNDE de la r\u00e9v\u00e9lation et celui de l\u2019espoir. En 2012, le groupe met sur le march\u00e9 un deuxi\u00e8me album intitul\u00e9 \u00ab\u00a0providence, attestation\u00a0\u00bb.\u00a0Cet album leur a ouvert la sc\u00e8ne internationale.\u00a0Le groupe se s\u00e9pare et Eldji d\u00e9cide d\u2019\u00e9voluer en solo et lance \u00a0son tout premier single intitul\u00e9 \u00ab\u00a0Idjo\u00a0\u00bb en d\u00e9cembre 2015 dans lequel il\u00a0aborde plusieurs th\u00e8mes tels que le pardon, le respect du prochain et l\u2019amour.<\/p>\n","protected":false},"excerpt":{"rendered":"<p class=\"text-justify mb-2\" >Artiste musicien Connu dans le Groupe Cisby et Eldji, Abdoulaye Yossi alias Eldji est n\u00e9 d\u2019une famille de griots. Il fait ses premiers pas dans la musique des l\u2019\u00e2ge de quinze ans dans sa ville natale \u00e0 Bobo-Dioulasso. C\u2019est v\u00e9ritablement en 1999 qu\u2019il se consacra [&hellip;]<\/p>\n","protected":false},"author":5,"featured_media":4916,"parent":0,"menu_order":0,"comment_status":"closed","ping_status":"closed","template":"","meta":[],"_links":{"self":[{"href":"https:\/\/cultures.hautsbassins.bf\/index.php\/wp-json\/wp\/v2\/pages\/4915"}],"collection":[{"href":"https:\/\/cultures.hautsbassins.bf\/index.php\/wp-json\/wp\/v2\/pages"}],"about":[{"href":"https:\/\/cultures.hautsbassins.bf\/index.php\/wp-json\/wp\/v2\/types\/page"}],"author":[{"embeddable":true,"href":"https:\/\/cultures.hautsbassins.bf\/index.php\/wp-json\/wp\/v2\/users\/5"}],"replies":[{"embeddable":true,"href":"https:\/\/cultures.hautsbassins.bf\/index.php\/wp-json\/wp\/v2\/comments?post=4915"}],"version-history":[{"count":1,"href":"https:\/\/cultures.hautsbassins.bf\/index.php\/wp-json\/wp\/v2\/pages\/4915\/revisions"}],"predecessor-version":[{"id":4917,"href":"https:\/\/cultures.hautsbassins.bf\/index.php\/wp-json\/wp\/v2\/pages\/4915\/revisions\/4917"}],"wp:featuredmedia":[{"embeddable":true,"href":"https:\/\/cultures.hautsbassins.bf\/index.php\/wp-json\/wp\/v2\/media\/4916"}],"wp:attachment":[{"href":"https:\/\/cultures.hautsbassins.bf\/index.php\/wp-json\/wp\/v2\/media?parent=4915"}],"curies":[{"name":"wp","href":"https:\/\/api.w.org\/{rel}","templated":true}]}}